6?
6
What is the hundreds digit of 4331?
3
What is the thousands digit of 1781?
1
What is the units digit of 4080?
0
What is the tens digit of 4168?
6
What is the thousands digit of 42451?
2
What is the ten thousands digit of 112274?
1
What is the units digit of 558?
8
What is the hundreds digit of 8694?
6
What is the tens digit of 17834?
3
What is the ten thousands digit of 17480?
1
What is the units digit of 3176?
6
What is the hundreds digit of 12844?
8
What is the tens digit of 1580?
8
What is the thousands digit of 6884?
6
What is the hundreds digit of 11102?
1
What is the tens digit of 4577?
7
What is the hundreds digit of 703?
7
What is the hundreds digit of 1812?
8
What is the hundreds digit of 3712?
7
What is the hundreds digit of 72194?
1
What is the hundreds digit of 2071?
0
What is the hundreds digit of 4914?
9
What is the ten thousands digit of 40587?
4
What is the tens digit of 822?
2
What is the thousands digit of 106984?
6
What is the ten thousands digit of 58533?
5
What is the tens digit of 620?
2
What is the tens digit of 14837?
3
What is the ten thousands digit of 29446?
2
What is the thousands digit of 10973?
0
What is the tens digit of 2734?
3
What is the hundreds digit of 4353?
3
What is the tens digit of 98293?
9
What is the hundreds digit of 775?
7
What is the ten thousands digit of 15170?
1
What is the hundreds digit of 11466?
4
What is the ten thousands digit of 81297?
8
What is the tens digit of 770?
7
What is the hundreds digit of 109276?
2
What is the thousands digit of 51886?
1
What is the ten thousands digit of 57507?
5
What is the hundreds digit of 2091?
0
What is the units digit of 12115?
5
What is the hundreds digit of 12698?
6
What is the ten thousands digit of 60917?
6
What is the units digit of 74?
4
What is the thousands digit of 4800?
4
What is the thousands digit of 7263?
7
What is the hundreds digit of 1184?
1
What is the hundreds digit of 1134?
1
What is the hundreds digit of 20984?
9
What is the units digit of 603?
3
What is the ten thousands digit of 39404?
3
What is the thousands digit of 4059?
4
What is the tens digit of 7033?
3
What is the thousands digit of 1404?
1
What is the ten thousands digit of 51806?
5
What is the units digit of 1644?
4
What is the thousands digit of 10908?
0
What is the thousands digit of 14001?
4
What is the units digit of 1204?
4
What is the thousands digit of 5588?
5
What is the units digit of 2133?
3
What is the hundreds digit of 121856?
8
What is the thousands digit of 4151?
4
What is the hundreds digit of 66433?
4
What is the units digit of 41263?
3
What is the thousands digit of 4975?
4
What is the hundreds digit of 35738?
7
What is the units digit of 81?
1
What is the hundreds digit of 3767?
7
What is the thousands digit of 72908?
2
What is the ten thousands digit of 122881?
2
What is the units digit of 35327?
7
What is the thousands digit of 5008?
5
What is the thousands digit of 104972?
4
What is the units digit of 19314?
4
What is the units digit of 2549?
9
What is the tens digit of 233?
3
What is the hundreds digit of 5799?
7
What is the hundreds digit of 1674?
6
What is the units digit of 9545?
5
What is the units digit of 4582?
2
What is the tens digit of 44774?
7
What is the hundreds digit of 5479?
4
What is the hundreds digit of 961?
9
What is the thousands digit of 2271?
2
What is the thousands digit of 16794?
6
What is the units digit of 9308?
8
What is the thousands digit of 16167?
6
What is the tens digit of 532?
3
What is the tens digit of 57203?
0
What is the tens digit of 48287?
8
What is the hundreds digit of 972?
9
What is the tens digit of 10602?
0
What is the tens digit of 41871?
7
What is the units digit of 847?
7
What is the units digit of 277?
7
What is the units digit of 7979?
9
What is the thousands digit of 21077?
1
What is the hundreds digit of 16841?
8
What is the units digit of 7384?
4
What is the units digit of 5971?
1
What is the ten thousands digit of 31554?
3
What is the units digit of 2990?
0
What is the thousands digit of 10986?
0
What is the thousands digit of 1019?
1
What is the units digit of 13019?
9
What is the thousands digit of 32993?
2
What is the tens digit of 41412?
1
What is the units digit of 390?
0
What is the ten thousands digit of 33330?
3
What is the ten thousands digit of 35909?
3
What is the hundreds digit of 31903?
9
What is the thousands digit of 25528?
5
What is the thousands digit of 4084?
4
What is the thousands digit of 94197?
4
What is the thousands digit of 1550?
1
What is the tens digit of 98?
9
What is the hundreds digit of 142193?
1
What is the hundreds digit of 2875?
8
What is the hundreds digit of 658?
6
What is the thousands digit of 11302?
1
What is the hundreds digit of 4271?
2
What is the hundreds digit of 12312?
3
What is the thousands digit of 56301?
6
What is the tens digit of 34479?
7
What is the thousands digit of 29904?
9
What is the hundreds digit of 394?
3
What is the thousands digit of 20335?
0
What is the tens digit of 16445?
4
What is the units digit of 1159?
9
What is the tens digit of 1255?
5
What is the units digit of 94742?
2
What is the tens digit of 22226?
2
What is the hundreds digit of 3255?
2
What is the tens digit of 5742?
4
What is the units digit of 2322?
2
What is the units digit of 7847?
7
What is the thousands digit of 4260?
4
What is the hundreds digit of 8739?
7
What is the hundreds digit of 1719?
7
What is the thousands digit of 13793?
3
What is the units digit of 14219?
9
What is the thousands digit of 67720?
7
What is the hundreds digit of 1997?
9
What is the tens digit of 942?
4
What is the tens digit of 14989?
8
What is the hundreds digit of 31637?
6
What is the tens digit of 30042?
4
What is the tens digit of 830?
3
What is the tens digit of 23885?
8
What is the thousands digit of 17003?
7
What is the units digit of 44248?
8
What is the tens digit of 303?
0
What is the units digit of 11281?
1
What is the units digit of 12852?
2
What is the ten thousands digit of 11156?
1
What is the units digit of 4695?
5
What is the hundreds digit of 33805?
8
What is the hundreds digit of 92822?
8
What is the hundreds digit of 42695?
6
What is the hundreds digit of 150579?
5
What is the units digit of 424?
4
What is the hundreds digit of 106060?
0
What is the hundreds digit of 829?
8
What is the thousands digit of 7947?
7
What is the units digit of 13974?
4
What is the units digit of 1492?
2
What is the ten thousands digit of 57575?
5
What is the ten thousands digit of 61840?
6
What is the tens digit of 50467?
6
What is the tens digit of 448?
4
What is the thousands digit of 30281?
0
What is the hundreds digit of 1157?
1
What is the tens digit of 758?
5
What is the thousands digit of 6933?
6
What is the hundreds digit of 138?
1
What is the tens digit of 13769?
6
What is the thousands digit of 25819?
5
What is the ten thousands digit of 66722?
6
What is the tens digit of 144472?
7
What is the units digit of 2907?
7
What is the tens digit of 72?
7
What is the units digit of 476?
6
What is the tens digit of 11139?
3
What is the tens digit of 94990?
9
What is the ten thousands digit of 44471?
4
What is the thousands digit of 4048?
4
What is the ten thousands digit of 24967?
2
What is the tens digit of 2150?
5
What is the units digit of 472?
2
What is the tens digit of 238?
3
What is the units digit of 595?
5
What is the tens digit of 3530?
3
What is the thousands digit of 2119?
2
What is the units digit of 1795?
5
What is the hundreds digit of 5296?
2
What is the hundreds digit of 1423?
4
What is the units digit of 84?
4
What is the tens digit of 6716?
1
What is the tens digit of 9501?
0
What is the hundreds digit of 1457?
4
What is the thousands digit of 91258?
1
What is the hundreds digit of 67707?
7
What is the units digit of 18?
8
What is the ten thousands digit of 41460?
4
What is the tens digit of 2308?
0
What is the ten thousands digit of 14557?
1
What is the tens digit of 18986?
8
What is the ten thousands digit of 44464?
4
What is the units digit of 28?
8
What is the units digit of 1568?
8
What is the units digit of 4477?
7
What is the units digit of 1812?
2
What is the tens digit of 807?
0
What is the tens digit of 1345?
4
What is the tens digit of 659?
5
What is the t